 (-36 - -2))
-3
58 - (15 + (16 + -32 - (-8 + -3)))
48
-8 + (39 - 42) + (11 - -3)
3
What is the value of 7 + 1 + 113 + 3 + 5 + -1?
128
What is (0 - 27) + (-592 - -569) + 5?
-45
-40 - (6 + 6 + -6 + 10 + (-13 - 9))
-34
What is the value of 1 + -13 + -34 + (44 - -4) - 74?
-72
(65 + 3 - -7) + -5 + (19 - (4 - 4))
89
What is 13 - 2 - (1 - (12 - 1) - (717 + -794))?
-56
What is 65 - (61 - 62 - -4)?
62
Evaluate -17 + -4 + 8 + 26 - 8 - (24 - 4).
-15
Evaluate (-1 - -39 - (-650 - -671)) + 2.
19
Calculate 37 - (27 + 8 - (-69 - -130)).
63
1 + 0 + (-25 - (-2 - -3) - (158 - 126))
-57
-4 + (24 - 7) - (6 + -4 + -82)
93
What is the value of 65 + (75 - 208 - -21)?
-47
Calculate 18 + (4 - (-11 - -14 - -13)) + -66.
-60
Evaluate -4 + 2 + 9 - (-74 - (-64 + 21)).
38
What is 100 + (19 + -17 - 28)?
74
What is the value of 5 - (-18 - (22 - 52))?
-7
What is 485 - (212 - -251) - (-14 + (2 - 2))?
36
What is 100 - 2 - ((-3 - 38) + 59 - 3)?
83
Calculate 23 + -16 + (35 - 69).
-27
What is 57 + 28 + -35 + -22 + 16 + 15?
59
What is the value of -4 - ((4 + (-9 - 4) - (1 - 10)) + 0)?
-4
(0 - 6) + 10 + -1 + -21 + 15 + 6
3
Evaluate 52 + (13 - 14) - 45.
6
Calculate -1 + 24 + 1 - (942 + -928) - (-5 - 69).
84
Calculate (10 - (8 + 2) - -16 - 10) + (-1 - 7).
-2
What is the value of (66 - 118 - -15) + 60?
23
-187 + (139 - (-12 + 43))
-79
2 - 43 - (-2254 + 2197)
16
What is 3 + 25 + -5 + (347 - 338)?
32
Evaluate (0 - (-6 - 4)) + (-44 - -65) + 90.
121
What is -932 + 943 + (8 + -14 - (-59 - (2 + -4)))?
62
What is 55 - (12 - (-155 + 77))?
-35
(27 - 7 - (-85 - (-11 - 3))) + 4
95
Evaluate -1741 + 1715 + (-1 - -1) + 14 + -19.
-31
Calculate (-11 - 0) + (916 + -907 - ((0 - 22) + -2)).
22
Calculate -342 + 440 + (35 + -2 - -15).
146
Calculate -1 - (-1 + 14 + -5 + 1 + 4).
-14
Calculate 4 - ((-31 - -23) + -19 - 13).
44
Calculate 19 + 4 - 13 - (-34 - -89).
-45
What is the value of -450 + 450 + -79 + 5?
-74
(-836 - -861) + (0 - (5 - 2))
22
-11 - (21 + 2 + (-5 - 5) + 15)
-39
Evaluate -4 + 0 - (-243 + 188) - (-7 + (7 - 11)).
62
1 + (5 - 5) + 4 + -17 + 3 + -27
-36
Evaluate 42 - (-1 + 6) - (-179 - -198).
18
What is the value of 290 + -306 - (-15 + (-5 - -8))?
-4
3 + 2 + -8 + 41 + (-116 - -78)
0
Calculate 72 - 2 - (490 + -447).
27
Evaluate 1 + (16 - -15) + 11.
43
-1011 + 1029 + (-5 + 2 - -69)
84
What is 84 - (-55 - (53 + -196))?
-4
-7 + (-2 - 11) + (37 - 11) + -6 + 33
33
-1 + 12 + 35 + -1 + 1372 + -1401
16
What is the value of -15 + 18 + (5 + 8 - (-4 - 1))?
21
-13 + 124 + (65 - 135)
41
Evaluate 0 - 29 - (8 + -9 - -44).
-72
Evaluate 10 - (13 - 0 - (-12 + -18 + 14)).
-19
Evaluate 3 + -9 - 31 - (104 + -78).
-63
Evaluate -50 - (-1 + 12 - (55 + -61 + 33)).
-34
Evaluate -44 + (-16 - -35) - (-2 - (-3 - -1 - -9)).
-16
Evaluate 1 + 39 - (85 - 57).
12
What is 71 + 6 + -21 + 72 + -38?
90
What is the value of 2 + 1 - (-57 - (7 - 42))?
25
What is the value of 79 + -36 - (-20 - -94 - -26)?
-57
What is (-2 - (10 + -28)) + -3 - 1?
12
Calculate 1 + 2 + 0 + (15 - -1) + (-598 - -631).
52
Evaluate (71 - 30) + -45 + (-2 + (-1 - -3) - -3).
-1
Evaluate -2 + -21 + (-55 - -20 - -10).
-48
Evaluate -18 + (11 + -13 - -18) - 6.
-8
-41 + 31 + (3 - 5) - 19
-31
1 + 24 + -28 - ((8 - 0) + -85)
74
What is 40 + -8 + -23 + 1 + 58 - 13?
55
Evaluate 24 + (-15 + 13 - -3) - -9.
34
Evaluate (-222 - -232) + -46 + 1.
-35
Evaluate 4 + (3 - 2) + -6 + 63 + -86.
-24
Evaluate (1091 - 1082) + -3 + -2.
4
Calculate 19 - (-25 + 266 + -137).
-85
Evaluate 650 + -818 - (-94 + -3).
-71
What is -5 - (1 + 13 + 21 + (18 - 25))?
-33
Calculate 5 - (-26 + 36 + (0 - -1) + -17).
11
What is -67 + (-42 - (86 - 258))?
63
What is 8 - ((13 - 17) + -10 + 17)?
5
What is the value of 58 + 85 + -162 - -87?
68
What is the value of (41 - 4 - (127 - -25)) + 12?
-103
What is the value of (-29 + 46 - 0 - 87) + 35?
-35
Evaluate (-1 - -11) + (1 - 126) + (263 - 247) + 21.
-78
Calculate 41 + -3 - (-2 + 15 + -24 + 8).
41
What is the value of 0 + -52 - (-15 + -4 + -8 - -15)?
-40
What is the value of 43 - ((0 - (-42 + 15)) + -46)?
62
-34 + (42 - (20 + -12)) + (-8 - -2)
-6
What is -497 + 1016 + -613 + (0 - (-1 - 22))?
-71
Calculate (3375 + -3321 - (2 + 0 - 1)) + 17.
70
What is the value of 79 + (59 - 174) + -24?
-60
What is 8 + ((-3 - (1 + -4)) + 9 - 4 - 3)?
10
12 + 12 + -16 - 41 - 16 - (1 - -2)
-52
(-3 - (-3 + -14)) + (21 - 56 - 9 - 51)
-81
(928 - 1025) + -4 + -3 + 25
-79
What is -45 + 52 - (-7 - (-8 - -6) - 29)?
41
Calculate 19 - 1 - (23 + (-64 - (-19 + -38))).
2
Evaluate (137 - (221 + -51)) + -77.
-110
0 + -11 + -41 + 11 + 64
23
Calculate (1 - 0) + 7 - (14198 + -14239).
49
Calculate -16 + 50 + -25 + -10 - (-2 - 14).
15
Evaluate (-39 - (38 - 28)) + 37.
-12
Calculate -27 + (153 + -38 - 36).
52
What is the value of 101 + -93 + (67 - 28)?
47
56 + 3 + 1 - (-83 - -105)
38
What is the value of (-92 - (46 + -105)) + 84?
51
Calculate 6 - (14 - -32) - (-1 + -26).
-13
Calculate -11 + 133 + 31 + -17 + -16 - 12.
108
Evaluate -439 + 382 - (4 - 58).
-3
Calculate -12 - ((-12 - 34) + -13).
47
-1 + -1 + -17 + 4 - (-5 + 27)
-37
What is -392 - -407 - (53 + -9)?
-29
10 + 39 + -34 + (-1 - 44)
-30
What is -4 + 11 + -19 + 34 + -9 - 6?
7
Evaluate 86 + -65 + (103 - 194).
-70
What is the value of (18 - (-14 - -17)) + (-3 - -4)?
16
What is -12 + (-73 - (3 - (17 - (9 - 14) - 11)))?
-77
Evaluate (-4 - -26 - (-60 + 75)) + (43 - (1 + -2)).
51
What is 9 + -8 - (-11 - -5 - ((16 - -75) + -2))?
96
Evaluate 9 + -362 - -334 - (1 - 34).
14
Evaluate 102 + -157 - (-8 - -23 - -5).
-75
Evaluate (65 - (99 - 20)) + -76.
-90
Evaluate -1 - 8 - (-50 - (-25 + (26 - 44))).
-2
What is (-48 - 13) + -4 + 27 + -18 + (0 - 1)?
-57
What is 27 - ((-18 - -19 - -22) + 82)?
-78
What is the value of (3 - -2) + (319 - 335)?
-11
What is the value of (-2 - -4 - 8) + -42?
-48
Calculate -5 + (0 - 3 - (24 - (65 - 37))).
-4
What is the value of 6 + (-15 - (-10 - (-18 - -10))) - (-13 - 1)?
7
(14 - ((-11 - -3) + 8)) + -7 - 54
-47
Evaluate -3 + 68 + -7 + (9 - 3 - (44 + -36)).
56
Evaluate (100 - 30 - -16) + 2 + (9 - -2) - -7.
106
Calculate (245 - 295) + 62 + 12.
24
What is 71 + (-20 - (29 + -76 - -2))?
96
33 - (50 + -21 + -32)
36
0 + 39 + (-15 - (-1 - (8 - 10) - 22))
45
What is 6 + -4 + (-17 - -17) + -6 + -93?
-97
Calculate -2 + 10 - (13 + -14 - 18).
27
Evaluate 13 - (19 - -17 - 12).
-11
What is -20 + (-28 - 38 - 22)?
-108
78 - 54 - (-115 + 139)
0
What is (-3 - 137) + 55 + (-2 - (-15 + -1))?
-71
-18 + 84 + 91 + -86
71
Evaluate -48 + 147 + -114 + -18 + 10.
-23
What is (118 - -48 - 178) + -10 + -1?
-23
Calculate (-49 - (-2 + 4)) + (-28 - 1 - (-1221 - -1190)).
-49
-18 + (-1563 - -1581) + 2 + -75
-73
Evaluate -1 + 40 + (-25 - -8 - -26) - 13.
35
What is the value of -76 - (10 + 0 + -12 - (35 - 37))?
-76
Evaluate -21 + -58 + 22 + 1 + 29.
-27
What is the value of 102 - (56 + 42) - (-60 - (2 - 5))?
61
What is the value of 3 - 8 - (6 - (1 + 9)) - (-60 - 2)?
61
-37 - -14 - (8 + -10 + 10)
-31
What is -42 - 39 - -16 - -28?
-37
20 + -69 - (28 - 36)
-41
Calculate 22 + 11 + -121 + 35.
-53
-53 + (-3 - (14 - (-26 - -35) - (2 + 4)))
-55
Calculate 28 + (10 - 16 - 9) + -43 + -3.
-33
Calculate -301 + 323 - (-6 + -17).
45
What is (35 - -9) + -81 - -143?
106
(10 - -4) + -5 + (-9 + -3 - -4 - 1)
0
Evaluate -14 + 49 - 27 - -92 - (6 + -9).
103
What is 46 - -25 - (-8 - -53)?
26
(-66 + 24 - -24) + 2 - (-8 - 0)
-8
-16 + (21 - 9) + -6 + (-6 - 0 - -49)
33
What is the value of 94 + -86 - 54 - (1 + -20)?
-27
Evaluate 13 + 18 + (-20 - (-3 - 27)).
41
Calculate 9 + 2 - (-6483 + 6558).
-64
What is the value of -148 + (20 - (2 - (22 - 9 - 16)) - 9)?
-142
What is the value of 127 - (-21 + (-62 - -170))?
40
(-73 - (-178 - -64)) + -88
-47
What is -13 + 13 + (-21 - (-43 - -106)) + 1 + 4?
-79
What is 289 + (157 - 462) - (-117 + -1)?
102
What is 8 + -48 + 81 + (-24 - -80)?
97
What is (189 - 192) + 5 + -8 + 8 + 115?
117
Evaluate -68 + 187 + 0 + 1 + -30.
90
What is the value of 28 + (-6 - (8 - -49)) + -61?
-96
Evaluate -43 + 39 + 58 - 36.
18
Calculate (-13 - -43) + -137 - -56.
-51
Evaluate (-11 - (1 + -7)) + -7 - (-4 - -66) - -9.
-65
Calculate (-2 + 1 + -13 - (-768 - -776)) + -76.
-98
What is (0 - -14) + (50 - 56)?
8
What is the value of -9 + -8 + 13 + 17 + -19 + 21?
15
24 - ((1 - 20) + -5)
48
Evaluate -3 - -3 - 9 - (-10 + -8 - -13).
-4
What is the value of 10 + (38 - 59) + -23?
-34
(5 - -14) + (2 + 7 - (-